 divided by f?
7
Let c(n) = n + 1. Let d(g) = 2*g. Let r(p) = 4*c(p) + d(p). What is the remainder when r(4) is divided by (-10)/2*(1 + -3)?
8
Suppose 2*h - 10 = 90. What is the remainder when 95 is divided by h?
45
Suppose 4*s = 12 + 20. Let n = 29 + s. What is the remainder when n is divided by 38/(-4)*(-2 + 0)?
18
Let j = -9 - -12. Suppose 19 = j*x - 11. Calculate the remainder when 19 is divided by x.
9
Let j(h) = 7*h**3 - 2*h**2 - 2*h + 1. Calculate the remainder when j(2) is divided by 16.
13
Let k = -68 + 26. Let o = k - -77. Calculate the remainder when o is divided by 0 - -12 - (0 - 0).
11
Let y(i) = -i - 2. Calculate the remainder when (4/(-3))/(6/(-9)) is divided by y(-4).
0
Suppose 57 = 3*x - 168. What is the remainder when x is divided by 26?
23
Calculate the remainder when 5 is divided by (-1)/(-2 - -3) - -6.
0
Let i = -65 - -96. Suppose 0 = 4*s, -2*s + i = c + 10. What is the remainder when 104 is divided by c?
20
Let s(b) = -b**3 - 14*b**2 - 17*b - 15. Calculate the remainder when s(-13) is divided by 20.
17
What is the remainder when 85 is divided by 104/(20/5) - 4?
19
Let b be 195/(-21) + (-4)/(-14). Suppose -7*q + 12*q - 95 = 0. Let l = b + q. Calculate the remainder when l is divided by 6.
4
Let b = 2 - -30. What is the remainder when b is divided by 11?
10
Let h(z) = -7*z - 33. What is the remainder when 90 is divided by h(-7)?
10
Suppose 3*c = 8 + 16. What is the remainder when (-2)/(((-18)/69)/3) is divided by c?
7
Let c(m) = -8*m**2. Let v be c(1). Let z be 1/(-4) + (-18)/v. What is the remainder when 412/8 - (-1)/z is divided by 18?
16
Suppose 4*b = -0*b + 2*s + 52, -5*s + 65 = 3*b. Let z = b + -7. Let j(p) = 4*p - 7. What is the remainder when j(z) is divided by 13?
12
Let s = -10 + 3. Let t = 6 + s. Let y(m) = 25*m**2 + 1. What is the remainder when y(t) is divided by 14?
12
Let c(g) be the third derivative of 2*g**5/15 - g**3/6 - g**2. Suppose 4*r + 12 = -o, 3*r = o - 2*r - 24. Calculate the remainder when c(-1) is divided by o.
3
Let x = 9 + -5. Let j = 10 + -7. Suppose -33 = -0*d - j*d. Calculate the remainder when d is divided by x.
3
Suppose 2*n - 4*h + 16 = 46, 3*n = -3*h. Calculate the remainder when 30 is divided by (7 - (-4 - -8)) + n.
6
Suppose 0 = 3*i + 5*x - 75, 5*i + 3*x - 165 = 8*x. What is the remainder when i is divided by 16?
14
Suppose 10*j - 910 + 120 = 0. Let s = 28 + -8. Calculate the remainder when j is divided by s.
19
Suppose -5*p + 4*f + 15 = -0*p, -6 = -2*p + 2*f. Let j(r) = 26*r - 49. Calculate the remainder when p is divided by j(2).
0
Let t = 75 - 69. Calculate the remainder when 7 is divided by t.
1
What is the remainder when 4/((-8)/2) - -10 is divided by 11/2 + 1/(-2)?
4
Let u(m) = -31*m - 1. Let f(q) = q + 24. What is the remainder when u(-2) is divided by f(7)?
30
Let n(s) = -6*s**2 + 2*s**3 + 16 - 3*s**3 - 6*s**2 + 2*s**3. Suppose h - 2 = 7. Calculate the remainder when n(12) is divided by h.
7
Let q = -65 - -80. Let z(j) = j + 8. Calculate the remainder when q is divided by z(0).
7
Let h = 253 - 147. Calculate the remainder when h is divided by 27.
25
Let w(s) = 3*s + 34. Calculate the remainder when 29 is divided by w(-7).
3
Let w(m) = -m**3 - m**2 - m - 1. Let s(k) = 36*k**3 + 1. Let v(r) = -s(r) - w(r). Calculate the remainder when v(-1) is divided by 12.
11
Suppose 4*k = 24 - 4. Let w(j) = j**3 + 6*j**2 - 9*j - 4. Let t be w(-7). Let u = t + -8. What is the remainder when k is divided by u?
1
Let r(k) = -k**3 + 4*k**2 + 5*k + 2. Calculate the remainder when ((-2)/(-3))/(3/9) is divided by r(5).
0
Let w = 4 - 2. Let v = 9 + 7. What is the remainder when (-135)/((-6)/w) - -1 is divided by v?
14
Suppose 0 = y + 3*h - 7 - 10, 18 = 4*y + 2*h. Suppose 3*g - 3 = 0, 5*x = -6*g + 3*g + 23. What is the remainder when x is divided by y?
0
Let c be (6/1)/((-8)/(-28)). Suppose -3*u = 5*w, -w + 3 = -3*u + c. Calculate the remainder when u is divided by 3.
2
Let u(r) = -6*r**3 - 2*r**2 - 2*r - 1. Suppose -c = -4*c + 63. Suppose -3*b = -3 - c. What is the remainder when b is divided by u(-1)?
3
Suppose c - 4*c + 24 = 0. What is the remainder when 14 is divided by c?
6
Suppose 0 = -3*m - 5*h + 118, 5*m = m + 5*h + 204. Calculate the remainder when m is divided by 26.
20
Suppose -8*h = -3*h + 3*o - 5, 45 = 5*h - 5*o. Suppose 0 = h*p + 28 - 108. What is the remainder when 58 is divided by p?
18
Suppose 4*v = -2*c + 26, -4*c = v - 1 - 2. Suppose q + 3 = v. Suppose q = y - 5. What is the remainder when 25 is divided by y?
7
Suppose 3*w - 6 = -0*w - a, -9 = -4*w - a. Let h(f) = -3*f - 2. Let z be h(-2). Suppose -6 + 22 = z*m. What is the remainder when m is divided by w?
1
Let k(n) = -n - 3. Let c be k(-7). Suppose 0 = j + 5*r + c, -r = -2*j - j + 68. Suppose 0 = i - 4*i + 18. Calculate the remainder when j is divided by i.
3
Suppose 52 = s + 4*u, 3*u = 2*s + 3*s - 237. Let r = s + -4. Let m = r - 31. What is the remainder when 25 is divided by m?
12
Let b(r) = 2*r**2 + 2*r - 2. Let w be b(-5). Suppose -4*l - w = -f, -27 = -3*f - l + 35. Calculate the remainder when f is divided by 8.
6
Let f = 4 + 16. What is the remainder when 59 is divided by f?
19
Let q be 1/((-2248)/750 + 3). Suppose 3*j = -2*j + q. Calculate the remainder when j is divided by 19.
18
Suppose 239 + 61 = 4*s. Calculate the remainder when s is divided by 19.
18
Suppose -r + 26 = -1. What is the remainder when r is divided by 15?
12
Let g(c) = c**2 + c + 6. Let m be g(0). Suppose -2*d = -m*d - 120. Calculate the remainder when 28 is divided by (d/8)/((-1)/4).
13
Let w be (-4)/(-36) + (-786)/27. Let u = w + 34. Calculate the remainder when 17 is divided by u.
2
Let z(n) = n**2 - 8*n + 4. Let c be z(3). Let p = -4 - c. Calculate the remainder when p is divided by 4.
3
Let y(m) = -m**3 - 9*m**2 + 18*m - 13. Calculate the remainder when 122 is divided by y(-11).
29
What is the remainder when 63 is divided by ((-6)/(-12))/(4/128)?
15
Suppose -12 = -3*c + 102. Let u = -13 - -21. What is the remainder when c is divided by u?
6
Let h = -28 + 51. Let f be (-6)/10 - (-88)/5. Let c = -4 + f. Calculate the remainder when h is divided by c.
10
Let v = 76 - 31. What is the remainder when v is divided by 16?
13
Let q(k) = 6*k - 4. What is the remainder when q(3) is divided by (-27)/(-5) - 2/5?
4
Let k = 154 - 91. What is the remainder when k is divided by 34?
29
Let b(u) = -23*u**2 + u + 35. Let k(r) = -4*r**2 + 6. Let x(f) = -6*b(f) + 34*k(f). What is the remainder when x(6) is divided by ((-2)/2)/((-2)/32)?
14
Let t(q) = q**3 - 7*q**2 + 5*q + 8. Suppose u + 5*m + 10 = -24, 5*m = u - 16. Let g = u + 12. Calculate the remainder when g is divided by t(6).
1
Let t(j) = 8*j - 11. Let p = -7 - -13. Calculate the remainder when t(5) is divided by p.
5
Let i(a) = a**3 + 9*a**2 + 8*a + 4. Let c be i(-8). Suppose c*r = 0, -2*v = -4*v + 4*r + 4. What is the remainder when 7 is divided by v?
1
Let g = -54 + 75. Suppose 3*o - 5*c = o - g, o + c = 7. Suppose o*d = -2*d + 92. Calculate the remainder when 67 is divided by d.
21
Suppose 3*p + 287 = 2*l, 4*p - 91 = -l + 58. Calculate the remainder when l is divided by 50.
45
What is the remainder when (-44)/104*-106 - 6/(-39) is divided by 17 + 1 - (0 - -2)?
13
Suppose -f + b = -41, -2*b + 205 = 5*f - 0*f. Suppose 0*v - 2*v + 3*i = -31, 0 = 4*v + i - f. Calculate the remainder when 21 is divided by v.
10
Let m = 2 - -6. Let j = -4 + m. Suppose 0 = 5*g - 3*f - 27, -j*g + 2 = 3*f - 25. Calculate the remainder when 23 is divided by g.
5
Let h(o) = -4*o. Suppose 2*l = 5*l - 54. Suppose -5*v = 12 + l. Calculate the remainder when h(v) is divided by 13.
11
Suppose -2*j = 4*j - 54. Suppose -j*d = -6*d - 36. Calculate the remainder when 46 is divided by d.
10
Suppose -3*d + 4 = -4*a, 4*d - 2*a - 8 = d. Suppose 2*s = -4*w + 26, 0 = -3*s - 3*w + 36 + 6. Calculate the remainder when s is divided by d.
3
Let f(o) = 5*o**3 + o**2 - 8*o - 7. Let g(q) = 11*q**3 + 3*q**2 - 17*q - 15. Let i(n) = -9*f(n) + 4*g(n). What is the remainder when 7 is divided by i(4)?
1
Suppose 3*i - 5*i = -10. Suppose 31 = i*z - 4. Calculate the remainder when z is divided by 4.
3
Suppose 5*g + 238 + 132 = 0. What is the remainder when 38 is divided by g/(-8) + (-30)/(-40)?
8
Let r(h) = h**2 - 8*h + 7. Let f be r(7). Let a = f + 4. Let k(v) = -10